{"id":1000,"date":"2023-08-31T19:33:11","date_gmt":"2023-08-31T19:33:11","guid":{"rendered":"https:\/\/test.xenarthrans.org\/public_test\/?page_id=1000"},"modified":"2024-04-03T15:15:10","modified_gmt":"2024-04-03T15:15:10","slug":"licenciamento-e-direitos","status":"publish","type":"page","link":"https:\/\/xenarthrans.org\/journal\/pt\/licenciamento-e-direitos\/","title":{"rendered":"Licenciamento e direitos"},"content":{"rendered":"\r\n<div class=\"wp-block-columns is-layout-flex wp-container-core-columns-is-layout-9d6595d7 wp-block-columns-is-layout-flex\">\r\n<div class=\"wp-block-column is-layout-flow wp-block-column-is-layout-flow\" style=\"flex-basis: 66.66%;\">\r\n<h2 class=\"wp-block-heading\">Informa\u00e7\u00f5es de licenciamento<\/h2>\r\n\r\n\r\n\r\n<p><strong><em>Xenarthra<\/em><\/strong> <strong>(e seu t\u00edtulo anterior <i>Edentata<\/i>)<\/strong> <strong>fornece acesso imediato a todo o seu conte\u00fado de pesquisa e adere \u00e0 defini\u00e7\u00e3o de acesso aberto da <a href=\"https:\/\/www.budapestopenaccessinitiative.org\/\" target=\"_blank\" rel=\"noreferrer noopener\">BOAI<\/a>. <\/strong>Desde 2011, todos os artigos est\u00e3o totalmente dispon\u00edveis on-line e, desde 2022, <em>Xenarthra<\/em> publica artigos sob os termos da <strong>Atribui\u00e7\u00e3o-N\u00e3oComercial 4.0 Internacional\u00a0(Creative Commons Attribution NonCommercial License;<\/strong><strong> <a href=\"https:\/\/creativecommons.org\/licenses\/by-nc\/4.0\/deed.pt_BR\" target=\"_blank\" rel=\"noreferrer noopener\">CC BY-NC 4.0<\/a>).<\/strong> Ao enviar seus manuscritos, os autores concordam em conceder \u00e0 <em>Xenarthra<\/em> essa licen\u00e7a n\u00e3o exclusiva, que permite que outras pessoas copiem, distribuam, remixem e adaptem os artigos, mas n\u00e3o para fins comerciais, desde que atribuam o devido cr\u00e9dito aos autores originais e \u00e0 fonte de publica\u00e7\u00e3o.<\/p>\r\n\r\n\r\n\r\n<div>\r\n<h2 class=\"wp-block-heading\"><b><span lang=\"PT-BR\">Termos de direitos autorais<\/span><\/b><\/h2>\r\n<\/div>\r\n\r\n\r\n\r\n<p><strong>Os autores mant\u00eam os direitos autorais de seu trabalho;<\/strong> eles garantem que os manuscritos enviados s\u00e3o originais, que n\u00e3o foram publicados anteriormente e que n\u00e3o est\u00e3o sendo considerados para publica\u00e7\u00e3o em outro lugar. Os autores devem obter as permiss\u00f5es necess\u00e1rias e citar a fonte se algum material protegido por direitos autorais for inclu\u00eddo no manuscrito enviado.<\/p>\r\n\r\n\r\n\r\n<p class=\"pen-nib has-large-font-size\">\u2711<\/p>\r\n\r\n\r\n\r\n<p><strong>Mariella Superina<\/strong><br \/><a href=\"mailto:journal@xenarthrans.org\">journal@xenarthrans.org<\/a><br \/>Editora, agosto de 2023<\/p>\r\n\r\n\r\n\r\n<p><small><em>Mariella Superina \u00e9 presidente do Grupo de Especialistas em Tamandu\u00e1s, Pregui\u00e7as e Tatus da IUCN SSC e pesquisadora do CONICET na prov\u00edncia de Mendoza, Argentina.<\/em><\/small><\/p>\r\n<\/div>\r\n\r\n\r\n\r\n<div class=\"wp-block-column is-layout-flow wp-block-column-is-layout-flow\" style=\"flex-basis: 33.33%;\">\u00a0<\/div>\r\n<\/div>\r\n","protected":false},"excerpt":{"rendered":"<p>Informa\u00e7\u00f5es de licenciamento Xenarthra (e seu t\u00edtulo anterior Edentata) fornece acesso imediato a todo o seu conte\u00fado de pesquisa e adere \u00e0 defini\u00e7\u00e3o de acesso aberto da BOAI. Desde 2011, todos os artigos est\u00e3o totalmente dispon\u00edveis on-line e, desde 2022, Xenarthra publica artigos sob os termos da Atribui\u00e7\u00e3o-N\u00e3oComercial 4.0 Internacional\u00a0(Creative Commons Attribution NonCommercial License; CC<\/p>\n","protected":false},"author":1,"featured_media":805,"parent":0,"menu_order":0,"comment_status":"closed","ping_status":"closed","template":"","meta":{"_acf_changed":false,"footnotes":""},"class_list":["post-1000","page","type-page","status-publish","has-post-thumbnail"],"acf":[],"_links":{"self":[{"href":"https:\/\/xenarthrans.org\/journal\/wp-json\/wp\/v2\/pages\/1000","targetHints":{"allow":["GET"]}}],"collection":[{"href":"https:\/\/xenarthrans.org\/journal\/wp-json\/wp\/v2\/pages"}],"about":[{"href":"https:\/\/xenarthrans.org\/journal\/wp-json\/wp\/v2\/types\/page"}],"author":[{"embeddable":true,"href":"https:\/\/xenarthrans.org\/journal\/wp-json\/wp\/v2\/users\/1"}],"replies":[{"embeddable":true,"href":"https:\/\/xenarthrans.org\/journal\/wp-json\/wp\/v2\/comments?post=1000"}],"version-history":[{"count":10,"href":"https:\/\/xenarthrans.org\/journal\/wp-json\/wp\/v2\/pages\/1000\/revisions"}],"predecessor-version":[{"id":1580,"href":"https:\/\/xenarthrans.org\/journal\/wp-json\/wp\/v2\/pages\/1000\/revisions\/1580"}],"wp:featuredmedia":[{"embeddable":true,"href":"https:\/\/xenarthrans.org\/journal\/wp-json\/wp\/v2\/media\/805"}],"wp:attachment":[{"href":"https:\/\/xenarthrans.org\/journal\/wp-json\/wp\/v2\/media?parent=1000"}],"curies":[{"name":"wp","href":"https:\/\/api.w.org\/{rel}","templated":true}]}}