{"id":1002,"date":"2023-08-31T19:34:24","date_gmt":"2023-08-31T19:34:24","guid":{"rendered":"https:\/\/test.xenarthrans.org\/public_test\/?page_id=1002"},"modified":"2024-04-03T15:12:19","modified_gmt":"2024-04-03T15:12:19","slug":"licencias-y-derechos","status":"publish","type":"page","link":"https:\/\/xenarthrans.org\/journal\/es\/licencias-y-derechos\/","title":{"rendered":"Licencias y derechos"},"content":{"rendered":"\r\n<div class=\"wp-block-columns is-layout-flex wp-container-core-columns-is-layout-9d6595d7 wp-block-columns-is-layout-flex\">\r\n<div class=\"wp-block-column is-layout-flow wp-block-column-is-layout-flow\" style=\"flex-basis: 66.66%;\">\r\n<h2 class=\"wp-block-heading\">Informaci\u00f3n sobre licencias<\/h2>\r\n\r\n\r\n\r\n<div><strong><i><span lang=\"ES\">Xenarthra <\/span><\/i>(y su t\u00edtulo anterior <i>Edentata<\/i>) proporciona acceso inmediato a todo su contenido de investigaci\u00f3n y se adhiere a la definici\u00f3n <\/strong><strong style=\"font-size: inherit;\"><a href=\"https:\/\/www.budapestopenaccessinitiative.org\/\" target=\"_blank\" rel=\"noreferrer noopener\">BOAI<\/a> de acceso abierto. <span style=\"font-weight: normal;\">Desde 2011, todos los art\u00edculos est\u00e1n totalmente disponibles en l\u00ednea y desde 2022 <\/span><i style=\"font-weight: normal;\">Xenarthra<\/i><span style=\"font-weight: normal;\"> publica art\u00edculos bajo los t\u00e9rminos de la <strong>Atribuci\u00f3n-NoComercial 4.0 Internacional (Creative Commons Attribution NonCommercial License; <\/strong><\/span><\/strong><strong style=\"font-size: inherit;\"><a href=\"https:\/\/creativecommons.org\/licenses\/by-nc\/4.0\/deed.es\" target=\"_blank\" rel=\"noreferrer noopener\">CC BY-NC 4.0<\/a>).<\/strong><span style=\"font-size: inherit;\"> Esta licencia permite a otras personas copiar, distribuir, remezclar y adaptar los art\u00edculos, aunque no con fines comerciales, siempre que den el cr\u00e9dito correspondiente a los autores originales y a la fuente de publicaci\u00f3n.<\/span><\/div>\r\n<div>\u00a0<\/div>\r\n\r\n\r\n\r\n<h2 class=\"wp-block-heading\">Derechos de autor<\/h2>\r\n\r\n\r\n\r\n<p><strong>Los autores conservan los derechos de autor de su trabajo.<\/strong> Deben garantizar que los manuscritos enviados son originales, que no han sido publicados anteriormente y que no est\u00e1n siendo considerados para su publicaci\u00f3n en otro lugar. Los autores deben obtener los permisos necesarios y citar la fuente si en el manuscrito presentado se incluye material protegido por derechos de autor.<\/p>\r\n\r\n\r\n\r\n<p class=\"pen-nib has-large-font-size\">\u2711<\/p>\r\n\r\n\r\n\r\n<p><strong>Mariella Superina<\/strong><br \/><a href=\"mailto:journal@xenarthrans.org\">journal@xenarthrans.org<\/a><br \/>Editora, agosto de 2023<\/p>\r\n\r\n\r\n <small><em>Mariella Superina es Presidente del Grupo de Especialistas en Osos Hormigueros, Perezosos y Armadillos de la IUCN SSC e Investigadora Cient\u00edfica del CONICET en la provincia de Mendoza, Argentina.<\/em><\/small> <\/div>\r\n\r\n\r\n\r\n<div class=\"wp-block-column is-layout-flow wp-block-column-is-layout-flow\" style=\"flex-basis: 33.33%;\">\u00a0<\/div>\r\n<\/div>\r\n","protected":false},"excerpt":{"rendered":"<p>Informaci\u00f3n sobre licencias Xenarthra (y su t\u00edtulo anterior Edentata) proporciona acceso inmediato a todo su contenido de investigaci\u00f3n y se adhiere a la definici\u00f3n BOAI de acceso abierto. Desde 2011, todos los art\u00edculos est\u00e1n totalmente disponibles en l\u00ednea y desde 2022 Xenarthra publica art\u00edculos bajo los t\u00e9rminos de la Atribuci\u00f3n-NoComercial 4.0 Internacional (Creative Commons Attribution<\/p>\n","protected":false},"author":1,"featured_media":805,"parent":0,"menu_order":0,"comment_status":"closed","ping_status":"closed","template":"","meta":{"_acf_changed":false,"footnotes":""},"class_list":["post-1002","page","type-page","status-publish","has-post-thumbnail"],"acf":[],"_links":{"self":[{"href":"https:\/\/xenarthrans.org\/journal\/wp-json\/wp\/v2\/pages\/1002","targetHints":{"allow":["GET"]}}],"collection":[{"href":"https:\/\/xenarthrans.org\/journal\/wp-json\/wp\/v2\/pages"}],"about":[{"href":"https:\/\/xenarthrans.org\/journal\/wp-json\/wp\/v2\/types\/page"}],"author":[{"embeddable":true,"href":"https:\/\/xenarthrans.org\/journal\/wp-json\/wp\/v2\/users\/1"}],"replies":[{"embeddable":true,"href":"https:\/\/xenarthrans.org\/journal\/wp-json\/wp\/v2\/comments?post=1002"}],"version-history":[{"count":9,"href":"https:\/\/xenarthrans.org\/journal\/wp-json\/wp\/v2\/pages\/1002\/revisions"}],"predecessor-version":[{"id":1578,"href":"https:\/\/xenarthrans.org\/journal\/wp-json\/wp\/v2\/pages\/1002\/revisions\/1578"}],"wp:featuredmedia":[{"embeddable":true,"href":"https:\/\/xenarthrans.org\/journal\/wp-json\/wp\/v2\/media\/805"}],"wp:attachment":[{"href":"https:\/\/xenarthrans.org\/journal\/wp-json\/wp\/v2\/media?parent=1002"}],"curies":[{"name":"wp","href":"https:\/\/api.w.org\/{rel}","templated":true}]}}