{"id":2,"date":"2023-08-11T21:07:43","date_gmt":"2023-08-11T21:07:43","guid":{"rendered":"http:\/\/test.xenarthrans.org\/public_test\/\/?page_id=2"},"modified":"2024-04-05T18:00:34","modified_gmt":"2024-04-05T18:00:34","slug":"home","status":"publish","type":"page","link":"https:\/\/xenarthrans.org\/journal\/","title":{"rendered":"Home"},"content":{"rendered":"\n<div class=\"wp-block-cover alignfull has-base-3-color has-text-color\"><span aria-hidden=\"true\" class=\"wp-block-cover__background has-global-color-9-background-color has-background-dim\"><\/span><img loading=\"lazy\" decoding=\"async\" width=\"1900\" height=\"350\" class=\"wp-block-cover__image-background wp-image-1456\" alt=\"\" src=\"https:\/\/xenarthrans.org\/journal\/wp-content\/uploads\/Home-Banner-Zaedyus-texture.jpg\" data-object-fit=\"cover\" srcset=\"https:\/\/xenarthrans.org\/journal\/wp-content\/uploads\/Home-Banner-Zaedyus-texture.jpg 1900w, https:\/\/xenarthrans.org\/journal\/wp-content\/uploads\/Home-Banner-Zaedyus-texture-300x55.jpg 300w, https:\/\/xenarthrans.org\/journal\/wp-content\/uploads\/Home-Banner-Zaedyus-texture-1024x189.jpg 1024w, https:\/\/xenarthrans.org\/journal\/wp-content\/uploads\/Home-Banner-Zaedyus-texture-150x28.jpg 150w, https:\/\/xenarthrans.org\/journal\/wp-content\/uploads\/Home-Banner-Zaedyus-texture-768x141.jpg 768w, https:\/\/xenarthrans.org\/journal\/wp-content\/uploads\/Home-Banner-Zaedyus-texture-1536x283.jpg 1536w\" sizes=\"auto, (max-width: 1900px) 100vw, 1900px\" \/><div class=\"wp-block-cover__inner-container is-layout-flow wp-block-cover-is-layout-flow\">\n<p class=\"has-text-align-center banner-text has-medium-font-size\"><em><strong>Xenarthra<\/strong><\/em>\u2014the journal of the IUCN SSC Anteater, Sloth and Armadillo Specialist Group.<br>The only scientific journal dedicated to the conservation of xenarthrans.<\/p>\n<\/div><\/div>\n\n\n\n<div class=\"wp-block-columns homerow-narrow is-layout-flex wp-container-core-columns-is-layout-9d6595d7 wp-block-columns-is-layout-flex\">\n<div class=\"wp-block-column is-layout-flow wp-block-column-is-layout-flow\">\n<h1 class=\"wp-block-heading has-text-align-center\"><img decoding=\"async\" class=\"wp-image-236\" style=\"width: 24px;\" src=\"https:\/\/xenarthrans.org\/journal\/wp-content\/uploads\/2023\/08\/Icon-UK-flag.png\" alt=\"\"> About this Journal<\/h1>\n\n\n\n<div class=\"wp-block-columns about is-layout-flex wp-container-core-columns-is-layout-9d6595d7 wp-block-columns-is-layout-flex\">\n<div class=\"wp-block-column is-layout-flow wp-block-column-is-layout-flow\">\n<p class=\"has-text-align-center\"><em>Xenarthra<\/em>\u2014formerly <em>Edentata<\/em>\u2014is published by the <a href=\"https:\/\/www.xenarthrans.org\/\" target=\"_blank\" rel=\"noreferrer noopener\">IUCN\/SSC Anteater, Sloth and Armadillo Specialist Group (ASASG)<\/a>.<\/p>\n\n\n\n<p class=\"has-text-align-center\"><em>Xenarthra<\/em> publishes scientific articles and news items in English, Spanish and Portuguese, with abstracts in two languages.<\/p>\n\n\n\n<p class=\"has-text-align-center\"><em>Xenarthra<\/em> does not charge Article Processing Charges or submission charges.<\/p>\n\n\n\n<p class=\"has-text-align-center\">It is included in the <a href=\"https:\/\/doaj.org\/\" target=\"_blank\" rel=\"noreferrer noopener\">Directory of Open Access Journals (DOAJ)<\/a> and in the process of being indexed in <a href=\"https:\/\/www.latindex.org\/latindex\/\" target=\"_blank\" rel=\"noreferrer noopener\">Latindex<\/a>.<\/p>\n<\/div>\n<\/div>\n\n\n\n<h2 class=\"wp-block-heading has-text-align-center\">Scope and aims<\/h2>\n\n\n\n<div class=\"wp-block-columns is-layout-flex wp-container-core-columns-is-layout-9d6595d7 wp-block-columns-is-layout-flex\">\n<div class=\"wp-block-column is-layout-flow wp-block-column-is-layout-flow\">\n<p class=\"has-text-align-center\"><em>Xenarthra<\/em> is the only periodical dedicated to publishing scientific articles and reports on different subjects regarding the conservation and natural history of xenarthrans\u2014among the least known of all mammal groups, and notoriously difficult to study in the wild. By helping to share information and stimulate exchange between xenarthran researchers, <em>Xenarthra<\/em> promotes both the science and conservation of these fascinating animals.<\/p>\n<\/div>\n\n\n\n<div class=\"wp-block-column is-layout-flow wp-block-column-is-layout-flow\">\n<p class=\"has-text-align-center\"><em>Xenarthra<\/em> also provides a forum for reports on the care and breeding of captive xenarthrans, whose needs are specialized and often barely known. <em>Xenarthra<\/em> thus fulfills the additional role of communicating information among zoo professionals and other animal caretakers, as well as including them in the flow of information from field research.<\/p>\n<\/div>\n<\/div>\n\n\n\n<p class=\"has-text-align-center\"><em>Xenarthra<\/em>&nbsp;can be downloaded free of charge <a href=\"https:\/\/xenarthrans.org\/journal\/published-issues\/\">on this section of the website<\/a>.<br>Previous issues of <em>Edentata<\/em> can be found at <a href=\"https:\/\/xenarthrans.org\/edentata-newsletter\/\">https:\/\/xenarthrans.org\/edentata-newsletter\/<\/a>.<\/p>\n\n\n\n<p class=\"has-text-align-center\">We encourage our readers to share <em>Xenarthra<\/em> among their colleagues and associates.<\/p>\n<\/div>\n<\/div>\n\n\n\n<div class=\"wp-block-group call-to-action has-accent-background-color has-background is-content-justification-center is-nowrap is-layout-flex wp-container-core-group-is-layout-94bc23d7 wp-block-group-is-layout-flex\">\n<div class=\"wp-block-group\"><div class=\"wp-block-group__inner-container is-layout-constrained wp-block-group-is-layout-constrained\">\n<h2 class=\"wp-block-heading has-text-align-center has-large-font-size\" id=\"schedule-a-visit\" style=\"line-height:1.15\"><strong>Publishing on <em>Xenarthra<\/em><\/strong><\/h2>\n\n\n\n<div class=\"wp-block-buttons is-horizontal is-content-justification-center is-nowrap is-layout-flex wp-container-core-buttons-is-layout-fc65f29c wp-block-buttons-is-layout-flex\">\n<div class=\"wp-block-button has-custom-width wp-block-button__width-50 is-style-fill\"><a class=\"wp-block-button__link wp-element-button\" href=\"https:\/\/xenarthrans.org\/journal\/editorial-process\/\" style=\"border-radius:3px\">Editorial process &amp; Instructions for Authors<\/a><\/div>\n<\/div>\n<\/div><\/div>\n\n\n\n<p class=\"has-text-align-center has-small-font-size\" style=\"line-height:.9\">&nbsp;<\/p>\n<\/div>\n\n\n\n<div class=\"wp-block-columns homerow-narrow is-layout-flex wp-container-core-columns-is-layout-9d6595d7 wp-block-columns-is-layout-flex\">\n<div class=\"wp-block-column is-layout-flow wp-block-column-is-layout-flow\" style=\"flex-basis:66.66%\">\n<p>&nbsp;<\/p>\n\n\n\n<h2 class=\"wp-block-heading has-text-align-center ornamented\">Editorial Board<\/h2>\n\n\n\n<h5 class=\"wp-block-heading has-text-align-center\">Mariella Superina<\/h5>\n\n\n\n<p class=\"has-text-align-center\">IMBECU, CCT CONICET Mendoza, Mendoza, Argentina<\/p>\n\n\n\n<h5 class=\"wp-block-heading has-text-align-center\">Nadia de Moraes-Barros<\/h5>\n\n\n\n<p class=\"has-text-align-center\">Freeland \u2013 Brasil, S\u00e3o Paulo, Brasil; Centro de Investiga\u00e7\u00e3o em Biodiversidade e Recursos Gen\u00e9ticos, Universidade de Porto, CIBIO\u2013Inbio, Porto, Portugal<\/p>\n\n\n\n<h5 class=\"wp-block-heading has-text-align-center\">Agust\u00edn M. Abba<\/h5>\n\n\n\n<p class=\"has-text-align-center\">Centro de Estudios Parasitol\u00f3gicos y de Vectores, CCT CONICET La Plata \u2013 UNLP, La Plata, Argentina<\/p>\n\n\n\n<h5 class=\"wp-block-heading has-text-align-center\">Andrew J. Noss<\/h5>\n\n\n\n<p class=\"has-text-align-center\">University of Florida, Gainesville, FL, USA<\/p>\n\n\n\n<h5 class=\"wp-block-heading has-text-align-center\">Roberto F. Aguilar<\/h5>\n\n\n\n<p class=\"has-text-align-center\">Adjunct Senior Lecturer \u2013 Wildbase \u2013 Massey University, New Zealand<\/p>\n\n\n\n<p class=\"has-text-align-center has-large-font-size\"><p class=\"has-text-align-center has-large-font-size\" style=\"margin-bottom: 20px;\">\u2742<\/p><\/p>\n\n\n\n<p class=\"has-text-align-center\">ISSN 3006-6077 (online edition)<\/p>\n<\/div>\n\n\n\n<div class=\"wp-block-column is-layout-flow wp-block-column-is-layout-flow\" style=\"flex-basis:33.33%\">\n<h2 class=\"wp-block-heading\">Contact us<\/h2>\n\n\n\n<div class=\"wpcf7 no-js\" id=\"wpcf7-f266-o1\" lang=\"en-US\" dir=\"ltr\" data-wpcf7-id=\"266\">\n<div class=\"screen-reader-response\"><p role=\"status\" aria-live=\"polite\" aria-atomic=\"true\"><\/p> <ul><\/ul><\/div>\n<form action=\"\/journal\/wp-json\/wp\/v2\/pages\/2#wpcf7-f266-o1\" method=\"post\" class=\"wpcf7-form init\" aria-label=\"Contact form\" novalidate=\"novalidate\" data-status=\"init\">\n<fieldset class=\"hidden-fields-container\"><input type=\"hidden\" name=\"_wpcf7\" value=\"266\" \/><input type=\"hidden\" name=\"_wpcf7_version\" value=\"6.1.5\" \/><input type=\"hidden\" name=\"_wpcf7_locale\" value=\"en_US\" \/><input type=\"hidden\" name=\"_wpcf7_unit_tag\" value=\"wpcf7-f266-o1\" \/><input type=\"hidden\" name=\"_wpcf7_container_post\" value=\"0\" \/><input type=\"hidden\" name=\"_wpcf7_posted_data_hash\" value=\"\" \/><input type=\"hidden\" name=\"_gulp__timestamp\" value=\"Vsa+I9VexeR8RoASa8AuQA==\" \/><input type=\"hidden\" name=\"_gulp_hash\" value=\"\" \/><input type=\"hidden\" name=\"_gulp_version\" value=\"1.0\" \/><input type=\"hidden\" name=\"_gulp_address\" value=\"\" \/><input type=\"hidden\" name=\"_gulp_referer\" value=\"\" \/><input type=\"hidden\" name=\"_gulp_protocol\" value=\"\" \/><input type=\"hidden\" name=\"_gulp_bot_fingerprint\" value=\"Vsa+I9VexeR8RoASa8AuQA==\" \/><input type=\"hidden\" name=\"_gulp_bot_fingerprint_extras\" \/><input type=\"hidden\" name=\"_gulp_append_on_submit\" \/>\n<\/fieldset>\n<p><label> Your name<br \/>\n<span class=\"wpcf7-form-control-wrap\" data-name=\"your-name\"><input size=\"40\" maxlength=\"400\" class=\"wpcf7-form-control wpcf7-text wpcf7-validates-as-required\" autocomplete=\"name\" aria-required=\"true\" aria-invalid=\"false\" value=\"\" type=\"text\" name=\"your-name\" \/><input type=\"text\" name=\"name\" value=\"\" autocomplete=\"fill\" class=\"mind-the-anteater\" aria-hidden=\"true\" tabindex=\"-1\" \/><\/span> <\/label>\n<\/p>\n<p><label> Your email<br \/>\n<span class=\"wpcf7-form-control-wrap\" data-name=\"your-email\"><input size=\"40\" maxlength=\"400\" class=\"wpcf7-form-control wpcf7-email wpcf7-validates-as-required wpcf7-text wpcf7-validates-as-email\" autocomplete=\"email\" aria-required=\"true\" aria-invalid=\"false\" value=\"\" type=\"email\" name=\"your-email\" \/><\/span> <\/label>\n<\/p>\n<p><label> Subject<br \/>\n<span class=\"wpcf7-form-control-wrap\" data-name=\"your-subject\"><input size=\"40\" maxlength=\"400\" class=\"wpcf7-form-control wpcf7-text wpcf7-validates-as-required\" aria-required=\"true\" aria-invalid=\"false\" value=\"\" type=\"text\" name=\"your-subject\" \/><input type=\"text\" name=\"email\" value=\"\" autocomplete=\"fill\" class=\"mind-the-anteater\" aria-hidden=\"true\" tabindex=\"-1\" \/><\/span> <\/label>\n<\/p>\n<p><label> Your message<br \/>\n<span class=\"wpcf7-form-control-wrap\" data-name=\"your-message\"><textarea cols=\"40\" rows=\"10\" maxlength=\"2000\" class=\"wpcf7-form-control wpcf7-textarea\" aria-invalid=\"false\" name=\"your-message\"><\/textarea><\/span> <\/label>\n<\/p>\n<p><input class=\"wpcf7-form-control wpcf7-submit has-spinner\" type=\"submit\" value=\"Submit\" \/>\n<\/p><div class=\"wpcf7-response-output\" aria-hidden=\"true\"><\/div>\n<\/form>\n<\/div>\n\n<\/div>\n<\/div>\n","protected":false},"excerpt":{"rendered":"<p>About this Journal Xenarthra\u2014formerly Edentata\u2014is published by the IUCN\/SSC Anteater, Sloth and Armadillo Specialist Group (ASASG). Xenarthra publishes scientific articles and news items in English, Spanish and Portuguese, with abstracts in two languages. Xenarthra does not charge Article Processing Charges or submission charges. It is included in the Directory of Open Access Journals (DOAJ) and<\/p>\n","protected":false},"author":1,"featured_media":0,"parent":0,"menu_order":0,"comment_status":"closed","ping_status":"closed","template":"","meta":{"_acf_changed":false,"footnotes":""},"class_list":["post-2","page","type-page","status-publish"],"acf":[],"_links":{"self":[{"href":"https:\/\/xenarthrans.org\/journal\/wp-json\/wp\/v2\/pages\/2","targetHints":{"allow":["GET"]}}],"collection":[{"href":"https:\/\/xenarthrans.org\/journal\/wp-json\/wp\/v2\/pages"}],"about":[{"href":"https:\/\/xenarthrans.org\/journal\/wp-json\/wp\/v2\/types\/page"}],"author":[{"embeddable":true,"href":"https:\/\/xenarthrans.org\/journal\/wp-json\/wp\/v2\/users\/1"}],"replies":[{"embeddable":true,"href":"https:\/\/xenarthrans.org\/journal\/wp-json\/wp\/v2\/comments?post=2"}],"version-history":[{"count":205,"href":"https:\/\/xenarthrans.org\/journal\/wp-json\/wp\/v2\/pages\/2\/revisions"}],"predecessor-version":[{"id":1597,"href":"https:\/\/xenarthrans.org\/journal\/wp-json\/wp\/v2\/pages\/2\/revisions\/1597"}],"wp:attachment":[{"href":"https:\/\/xenarthrans.org\/journal\/wp-json\/wp\/v2\/media?parent=2"}],"curies":[{"name":"wp","href":"https:\/\/api.w.org\/{rel}","templated":true}]}}